*j + h = -520, -j = 5*h - 130. Let y = j + a. What is the units digit of y?
2
Suppose 3*u - 15 = 3*z, 17 = 5*u + 3*z - 0*z. Suppose 0*p + 270 = u*a - 3*p, p = -2*a + 130. Suppose 5*v - 271 + a = 0. What is the tens digit of v?
4
Let o = -15973 + 50453. What is the ten thousands digit of o?
3
Suppose 39*j - 93520 = 23*j. What is the units digit of j?
5
Let f be ((-171)/45)/((-2)/40). What is the tens digit of f/114*(-2 + 965)?
4
Suppose 44266 = 2*u - 5*c, -2409*u + 3*c = -2405*u - 88546. What is the ten thousands digit of u?
2
What is the thousands digit of (-2 + 1 - 11)/(102/68)*-1502?
2
Let m = 44 - 35. Suppose 0 = -m*p + 3*p + 12. Suppose -v + 21 = -3*q, 4*v = -p*q + 118 + 22. What is the units digit of v?
3
Let s(f) = -62*f**3 - 4*f**2 - 5*f - 6. Let b be s(-2). Suppose -5*y + 486 = -11*k + 9*k, -5*y + b = -3*k. What is the units digit of y?
8
Let f(z) = 2*z**3 - 12*z**2 + 8*z + 6. Let s be f(5). Let a(j) = -94*j - 5. What is the units digit of a(s)?
1
Let r(z) = z**3 - 12*z**2 - 4*z + 52. Let q be r(12). What is the units digit of ((-286)/(-77) - q) + (-5198)/(-14)?
1
Let y(h) = 16*h**2 - 5*h - 87. What is the tens digit of y(-16)?
8
Suppose 3*n + 3 = 5*b, 5*b - n = 3*n - 1. Suppose b*x - 4 = 5. Suppose -x*m + 396 = -0*m. What is the units digit of m?
2
Suppose -y + 112395 = 41*y - 29607. What is the hundreds digit of y?
3
Let s(q) be the first derivative of 4*q**3/3 + 2*q**2 + 13*q - 5. Let l be s(-8). Let u = -151 + l. What is the units digit of u?
6
Suppose -19*d - 31*d + 437535 = -5*d. What is the thousands digit of d?
9
Suppose 83*c - 50*c = 60552 + 174936. What is the tens digit of c?
3
Suppose -42609 = -11*c + 522. What is the hundreds digit of -5*(c/(-15) - -1)?
3
Let i(w) = -7*w - 9. Let l be i(0). What is the tens digit of 519/(-3)*(40/5 + l)?
7
Suppose -76*s + 18*s - 345 = -113. Let m(t) = 12 + t + 2*t - 5*t. What is the units digit of m(s)?
0
Suppose -5*b + j - 7600 = -714, -3*b + 4*j - 4135 = 0. Let c = b - -2409. What is the tens digit of c?
3
Let d = 19695 + -15592. What is the thousands digit of d?
4
Suppose 5*g - 48 = 3*x + x, -2*g + 60 = -4*x. Let n = x + 19. Suppose n*j = 264 - 36. What is the units digit of j?
4
Let y = 45 + -47. Let f be (-24)/(-2)*y/((-30)/5). Suppose f*r - 30 = 74. What is the units digit of r?
6
What is the hundreds digit of 51812 - (0 - (-7 - -18) - -2)?
8
Suppose -15*y = -25*y + 60604 + 7496. What is the units digit of y?
0
Let m(r) be the first derivative of 1/4*r**4 - 16*r - 21 + 1/2*r**2 - 2/3*r**3. What is the hundreds digit of m(7)?
2
Let a(j) = -84. Let n(s) = s + 337. Let l(w) = -26*a(w) - 6*n(w). What is the hundreds digit of l(-35)?
3
Let s be -1 + -7 - (-15)/(-3). What is the units digit of (-260)/s*(-5)/(-4)?
5
Let z(c) = -194*c + 26. Let k be z(-7). Suppose 2*r = 3*d + 702, 2*r + 4*d = -2*r + k. What is the units digit of r?
8
Suppose -x - 14 = 2*w + 164, -w - 89 = 4*x. Let y be ((-570)/(-9))/(3/9). Let z = y + w. What is the hundreds digit of z?
1
Suppose 4*y - 2 = -n, -2*y + n = 2*n. Suppose -y = 6*q - 5*q. What is the tens digit of 120/2 - (-1 + -1) - q?
6
Let s(g) = 3*g**3 - g**2 + 4*g - 4. Let l be s(1). What is the units digit of ((-719)/l)/((-6)/12) + 3?
2
Let j(a) be the first derivative of 686*a**3/3 + a**2 + a + 75. What is the hundreds digit of j(-1)?
6
Let j(t) = -2*t**2 + 34*t + 10. Let n(c) = 2*c + 26. Let q be n(-5). What is the units digit of j(q)?
2
Let i be (43936/(-10))/((4/(-1960))/(-1)). What is the hundreds digit of i/(-2058) + (-1 - 38/(-42))?
0
Let l = -2255 + 66902. What is the thousands digit of l?
4
Let y = 112 + -43. Let q be (-4)/(-6)*y/(-6)*-15. Suppose 2*n = 247 + q. What is the units digit of n?
1
Let v be 3 - (-11 - -4 - -4). Suppose -v*m = -247 - 1001. What is the hundreds digit of m?
2
Let b be 34*(-6)/(-28) + (-34)/119. Let w(y) = -y. Let r(k) = -7*k. Let p(a) = b*w(a) + r(a). What is the units digit of p(-2)?
8
Suppose -2*y - 368 = -4*q, -2*q + q - 2*y + 87 = 0. Let n = q - -37. What is the hundreds digit of n?
1
Let g = 46 - 36. Suppose -g - 6 = -l. What is the tens digit of (-6)/(-9)*(-2 + l)*3?
2
Suppose 0 = -2*k + 3 - 9, -2*u + 44 = -4*k. Let r = 30 - u. Let i = -8 + r. What is the units digit of i?
6
Let x(p) = -10*p**2 - 25*p - 44. Let k(a) = -21*a**2 - 52*a - 87. Let b(q) = 2*k(q) - 5*x(q). What is the units digit of b(-12)?
6
What is the thousands digit of (-3 + 2)*(-23919)/(-102)*(-148)/2?
7
Suppose -45 - 21 = -22*l. Suppose 0 = l*d - 15, -5*g - 10*d = -12*d - 1850. What is the hundreds digit of g?
3
Let n be (-11)/((-22)/(-3))*(-8)/3. Suppose -2*o + 102 = n*a, 8*a - 6*a - 3*o = 71. What is the units digit of a?
8
Suppose 5*g = -4*g + 27. Suppose 2*f - 195 = -5*z, g*f = 7*f - 3*z - 429. What is the tens digit of f?
0
Let v(y) = y**2 + 2*y + 2. Let f be v(-2). Suppose 3*i = 0, -24*k = -19*k + i. Suppose k = -5*n - 3*w + 119, 0*w = f*n + 3*w - 53. What is the tens digit of n?
2
Suppose -3*f - 4*m + 2405 = -2069, 3*f = m + 4499. Suppose 5*w + 5*o - f - 272 = 0, -5*o - 354 = -w. What is the tens digit of w?
5
Let m(j) = -15*j**2 - 17*j**3 - 22*j**3 - 7*j + 40*j**3 - 16 - 8*j. Let g be m(16). Suppose -10*i + 2*i + 640 = g. What is the units digit of i?
0
Let v(m) = -3*m**3 - 39*m**2 + 60*m + 2. What is the tens digit of v(-19)?
6
Suppose k = 4*d - 1044 + 370, 4*k = 5*d - 848. What is the units digit of 6*7/d*(-2 + 1270)?
7
Suppose -1193*w - 8411 = -1206*w. What is the hundreds digit of w?
6
Suppose -5*m - 4*f + 2*f + 4 = 0, m + 4*f + 10 = 0. Suppose m*i + 3*p = 17, 8*p = 3*i + 4*p - 34. Suppose -255 = -i*x + 5*x. What is the units digit of x?
1
Let r(w) = 3*w**2 - 6. Let y be r(-2). Let n(g) = 23 + 2*g**2 + 3*g - 5*g - 8*g - y*g. What is the hundreds digit of n(12)?
1
Suppose -55 = -3*a - 5*g, 0 = 2*a - g - 4*g - 45. Suppose -18*u = -a*u. What is the units digit of (-2)/4*u - (-2)/1?
2
Let c(l) = 52*l + 56 + 51*l - 34*l + 52*l. What is the tens digit of c(4)?
4
Let z = -1980 + 24023. What is the units digit of z?
3
Suppose -16*s + 2*s + 8*s + 16950 = 0. What is the thousands digit of s?
2
What is the ten thousands digit of 48/(-18)*(-2)/16*46107?
1
Let m(c) = 2*c**3 + 2*c**2 + c - 2. Let o be m(1). Let g(t) = -32 - 9 + 20*t - o*t. What is the tens digit of g(6)?
6
Let o(b) be the third derivative of 31*b**4/24 - b**3/6 - 11*b**2. Let u be o(-1). Let q = -25 - u. What is the units digit of q?
7
Let o = -2 + 6. Suppose -262 = -4*x + u, u = -2*x - o*u + 142. Suppose -3*h + 6*h = 5*m + 202, x = h - 3*m. What is the tens digit of h?
6
Suppose -5*s + 5*q - 515 = 0, 170 + 242 = -4*s + 5*q. Let u = s + 102. What is the units digit of 2 + (-2 + -1 - 2)/u?
7
Let m(i) = 401*i**2 + 95*i + 867. What is the ten thousands digit of m(-9)?
3
Let z be (24/84)/((-2)/(-56)). Suppose 12*s - z = 10*s. Suppose -5*c - 3*r + 212 = -330, -432 = -s*c - 2*r. What is the units digit of c?
6
Let r(c) = -c**2 - c + 1. Let p(f) = -5*f**2 - 6*f + 17. Let o(b) = -p(b) + 4*r(b). Let m be o(5). Suppose 19*y + 246 = m*y. What is the units digit of y?
2
Let u be (-319)/(-4)*((9 - -2) + -3). Suppose -4*t - 487 - u = -x, -5663 = -5*x + t. What is the hundreds digit of x?
1
Let p = 1416 + 3357. What is the units digit of p?
3
Suppose -2*w + 5*a - 2 + 27 = 0, 15 = 5*w - 3*a. Let h be 3*(-6)/9 + w + -78. What is the tens digit of (1328/h)/(((-2)/10)/1)?
8
Suppose -9 = -7*b + 19. Suppose r - 5*n + 2 = -b*n, 2*r + 6 = 3*n. Suppose r = 8*d - 922 - 358. What is the tens digit of d?
6
Suppose 77781 = 21*z - 20791 + 12409. What is the tens digit of z?
0
Suppose 404 = -4*i + 4920. Let w = i + -257. What is the tens digit of w?
7
Let r(u) = u**2 - 6*u - 3. Let a be r(7). Suppose -a*f - 78 = -10. Let t = 20 + f. What is the units digit of t?
3
Suppose 5 = 5*w + 5*z, 3*w - 3*z = 2*z - 5. Let t(c) = 844*c + 76 + 38 - 849*c + 83. What is the units digit of t(w)?
7
Suppose -142*u = 193363 - 691749 - 391670. What is the thousands digit of u?
6
Let g be ((-135)/36)/((-3)/56). Suppose -2*m + 36 = -3*f, 3*m = f - 3 + 22. Let i = g + f. What is the tens digit of i?
6
Suppose -4*h = 14465 - 80993. Suppose -29*t + 15*t = -h. What is the units digit of t?
8
Let c(h) = -5384*h**3 + h**2 - 13*h - 13. What is the thousands digit of c(-1)?
5
Let o = -4353 - -6855. What is the tens digit of ((-21)/(-14))/(3/